{"id":446,"date":"2019-03-08T12:30:49","date_gmt":"2019-03-08T11:30:49","guid":{"rendered":"https:\/\/www.die-it-master.de\/projects\/wp_maike\/?page_id=446"},"modified":"2026-04-24T12:34:45","modified_gmt":"2026-04-24T10:34:45","slug":"oeffnungszeiten-preise","status":"publish","type":"page","link":"https:\/\/www.stadtbadbockenem.de\/?page_id=446","title":{"rendered":"\u00d6ffnungszeiten &#038; Preise"},"content":{"rendered":"\t\t<div data-elementor-type=\"wp-post\" data-elementor-id=\"446\" class=\"elementor elementor-446\">\n\t\t\t\t\t\t<section class=\"elementor-section elementor-top-section elementor-element elementor-element-6fd04e50 elementor-section-boxed elementor-section-height-default elementor-section-height-default\" data-id=\"6fd04e50\" data-element_type=\"section\">\n\t\t\t\t\t\t<div class=\"elementor-container elementor-column-gap-no\">\n\t\t\t\t\t<div class=\"elementor-column elementor-col-100 elementor-top-column elementor-element elementor-element-12d8147e\" data-id=\"12d8147e\" data-element_type=\"column\" data-settings=\"{&quot;background_background&quot;:&quot;classic&quot;}\">\n\t\t\t<div class=\"elementor-widget-wrap elementor-element-populated\">\n\t\t\t\t\t\t<div class=\"elementor-element elementor-element-7afe1e7c elementor-widget elementor-widget-heading\" data-id=\"7afe1e7c\" data-element_type=\"widget\" data-widget_type=\"heading.default\">\n\t\t\t\t<div class=\"elementor-widget-container\">\n\t\t\t<h2 class=\"elementor-heading-title elementor-size-default\">\u00d6ffnungszeiten<\/h2>\t\t<\/div>\n\t\t\t\t<\/div>\n\t\t\t\t<section class=\"elementor-section elementor-inner-section elementor-element elementor-element-1cac7f01 elementor-section-content-middle elementor-section-boxed elementor-section-height-default elementor-section-height-default\" data-id=\"1cac7f01\" data-element_type=\"section\">\n\t\t\t\t\t\t<div class=\"elementor-container elementor-column-gap-no\">\n\t\t\t\t\t<div class=\"elementor-column elementor-col-100 elementor-inner-column elementor-element elementor-element-5d9a61c0\" data-id=\"5d9a61c0\" data-element_type=\"column\">\n\t\t\t<div class=\"elementor-widget-wrap elementor-element-populated\">\n\t\t\t\t\t\t<div class=\"elementor-element elementor-element-6781020 elementor-widget elementor-widget-image\" data-id=\"6781020\" data-element_type=\"widget\" data-widget_type=\"image.default\">\n\t\t\t\t<div class=\"elementor-widget-container\">\n\t\t\t\t\t\t\t\t\t\t\t\t\t<img fetchpriority=\"high\" decoding=\"async\" width=\"1134\" height=\"306\" src=\"https:\/\/www.stadtbadbockenem.de\/wp-content\/uploads\/2019\/03\/12.jpg\" class=\"attachment-full size-full wp-image-452\" alt=\"\" srcset=\"https:\/\/www.stadtbadbockenem.de\/wp-content\/uploads\/2019\/03\/12.jpg 1134w, https:\/\/www.stadtbadbockenem.de\/wp-content\/uploads\/2019\/03\/12-300x81.jpg 300w, https:\/\/www.stadtbadbockenem.de\/wp-content\/uploads\/2019\/03\/12-768x207.jpg 768w, https:\/\/www.stadtbadbockenem.de\/wp-content\/uploads\/2019\/03\/12-1024x276.jpg 1024w\" sizes=\"(max-width: 1134px) 100vw, 1134px\" \/>\t\t\t\t\t\t\t\t\t\t\t\t\t<\/div>\n\t\t\t\t<\/div>\n\t\t\t\t<div class=\"elementor-element elementor-element-55df5cc elementor-widget elementor-widget-heading\" data-id=\"55df5cc\" data-element_type=\"widget\" data-widget_type=\"heading.default\">\n\t\t\t\t<div class=\"elementor-widget-container\">\n\t\t\t<h3 class=\"elementor-heading-title elementor-size-medium\">\u00d6ffnungszeiten<\/h3>\t\t<\/div>\n\t\t\t\t<\/div>\n\t\t\t\t<div class=\"elementor-element elementor-element-27c34250 elementor-widget elementor-widget-text-editor\" data-id=\"27c34250\" data-element_type=\"widget\" data-widget_type=\"text-editor.default\">\n\t\t\t\t<div class=\"elementor-widget-container\">\n\t\t\t\t\t\t\t<p><strong>Montag bis Freitag:<\/strong> \u00a0\u00a0\u00a0\u00a0\u00a0\u00a0\u00a0\u00a0\u00a0\u00a0\u00a0\u00a0\u00a0 06:30 &#8211; 19:00 Uhr<br \/><strong>Sonnabend und Sonntag:<\/strong>\u00a0 \u00a010:00 &#8211; 19:00 Uhr<\/p>\t\t\t\t\t\t<\/div>\n\t\t\t\t<\/div>\n\t\t\t\t\t<\/div>\n\t\t<\/div>\n\t\t\t\t\t<\/div>\n\t\t<\/section>\n\t\t\t\t\t<\/div>\n\t\t<\/div>\n\t\t\t\t\t<\/div>\n\t\t<\/section>\n\t\t\t\t<section class=\"elementor-section elementor-top-section elementor-element elementor-element-abb7dbb elementor-section-boxed elementor-section-height-default elementor-section-height-default\" data-id=\"abb7dbb\" data-element_type=\"section\">\n\t\t\t\t\t\t<div class=\"elementor-container elementor-column-gap-no\">\n\t\t\t\t\t<div class=\"elementor-column elementor-col-100 elementor-top-column elementor-element elementor-element-e4e0d1e\" data-id=\"e4e0d1e\" data-element_type=\"column\" data-settings=\"{&quot;background_background&quot;:&quot;classic&quot;}\">\n\t\t\t<div class=\"elementor-widget-wrap elementor-element-populated\">\n\t\t\t\t\t\t<div class=\"elementor-element elementor-element-8d6796b elementor-widget elementor-widget-heading\" data-id=\"8d6796b\" data-element_type=\"widget\" data-widget_type=\"heading.default\">\n\t\t\t\t<div class=\"elementor-widget-container\">\n\t\t\t<h2 class=\"elementor-heading-title elementor-size-default\">Eintrittspreise Stadtbad Bockenem<\/h2>\t\t<\/div>\n\t\t\t\t<\/div>\n\t\t\t\t<section class=\"elementor-section elementor-inner-section elementor-element elementor-element-9364c1f elementor-section-content-middle elementor-section-boxed elementor-section-height-default elementor-section-height-default\" data-id=\"9364c1f\" data-element_type=\"section\">\n\t\t\t\t\t\t<div class=\"elementor-container elementor-column-gap-no\">\n\t\t\t\t\t<div class=\"elementor-column elementor-col-100 elementor-inner-column elementor-element elementor-element-7bd56c5\" data-id=\"7bd56c5\" data-element_type=\"column\">\n\t\t\t<div class=\"elementor-widget-wrap elementor-element-populated\">\n\t\t\t\t\t\t<div class=\"elementor-element elementor-element-e227fd8 elementor-widget elementor-widget-image\" data-id=\"e227fd8\" data-element_type=\"widget\" data-widget_type=\"image.default\">\n\t\t\t\t<div class=\"elementor-widget-container\">\n\t\t\t\t\t\t\t\t\t\t\t\t\t<img decoding=\"async\" width=\"1136\" height=\"758\" src=\"https:\/\/www.stadtbadbockenem.de\/wp-content\/uploads\/2019\/03\/11.jpg\" class=\"attachment-full size-full wp-image-451\" alt=\"\" srcset=\"https:\/\/www.stadtbadbockenem.de\/wp-content\/uploads\/2019\/03\/11.jpg 1136w, https:\/\/www.stadtbadbockenem.de\/wp-content\/uploads\/2019\/03\/11-300x200.jpg 300w, https:\/\/www.stadtbadbockenem.de\/wp-content\/uploads\/2019\/03\/11-768x512.jpg 768w, https:\/\/www.stadtbadbockenem.de\/wp-content\/uploads\/2019\/03\/11-1024x683.jpg 1024w\" sizes=\"(max-width: 1136px) 100vw, 1136px\" \/>\t\t\t\t\t\t\t\t\t\t\t\t\t<\/div>\n\t\t\t\t<\/div>\n\t\t\t\t<div class=\"elementor-element elementor-element-d443ecf elementor-widget elementor-widget-text-editor\" data-id=\"d443ecf\" data-element_type=\"widget\" data-widget_type=\"text-editor.default\">\n\t\t\t\t<div class=\"elementor-widget-container\">\n\t\t\t\t\t\t\t<p>Das beheizte Freibad bietet neben den Einzelkarten und Saisonkarten, ein Bonussystem f\u00fcr Erwachsene und f\u00fcr Jugendliche im Alter von 5 &#8211; 18 Jahren* an.<\/p>\t\t\t\t\t\t<\/div>\n\t\t\t\t<\/div>\n\t\t\t\t\t<\/div>\n\t\t<\/div>\n\t\t\t\t\t<\/div>\n\t\t<\/section>\n\t\t\t\t<section class=\"elementor-section elementor-inner-section elementor-element elementor-element-3b2a1f5 elementor-section-boxed elementor-section-height-default elementor-section-height-default\" data-id=\"3b2a1f5\" data-element_type=\"section\">\n\t\t\t\t\t\t<div class=\"elementor-container elementor-column-gap-default\">\n\t\t\t\t\t<div class=\"elementor-column elementor-col-50 elementor-inner-column elementor-element elementor-element-a134ae4\" data-id=\"a134ae4\" data-element_type=\"column\">\n\t\t\t<div class=\"elementor-widget-wrap elementor-element-populated\">\n\t\t\t\t\t\t<div class=\"elementor-element elementor-element-0d73716 elementor-widget elementor-widget-heading\" data-id=\"0d73716\" data-element_type=\"widget\" data-widget_type=\"heading.default\">\n\t\t\t\t<div class=\"elementor-widget-container\">\n\t\t\t<h2 class=\"elementor-heading-title elementor-size-default\"><h2>Einzelkarten<\/h2><\/h2>\t\t<\/div>\n\t\t\t\t<\/div>\n\t\t\t\t<div class=\"elementor-element elementor-element-a998bff elementor-widget elementor-widget-text-editor\" data-id=\"a998bff\" data-element_type=\"widget\" data-widget_type=\"text-editor.default\">\n\t\t\t\t<div class=\"elementor-widget-container\">\n\t\t\t\t\t\t\t<p><strong>5,- \u20ac\u00a0 &#8211;\u00a0\u00a0<\/strong>Erwachsene (vor 18 Uhr)\u00a0<strong>\u00a0 \u00a0 \u00a0\u00a0<\/strong><\/p><p><strong>3,- \u20ac\u00a0 &#8211;\u00a0\u00a0<\/strong>Erwachsene (ab 18 Uhr)<strong>\u00a0<\/strong>\u00a0 \u00a0 \u00a0 \u00a0 \u00a0 \u00a0 \u00a0 \u00a0 \u00a0 \u00a0 \u00a0 \u00a0 \u00a0 \u00a0 \u00a0 \u00a0 \u00a0 \u00a0 \u00a0 \u00a0 \u00a0 \u00a0\u00a0<\/p><p><strong>3,- \u20ac\u00a0 &#8211;\u00a0\u00a0<\/strong>Jugendliche 5 \u2010 18 Jahren* (vor 18 Uhr)\u00a0 <strong>\u00a0<\/strong><\/p><p><strong>1,50 \u20ac\u00a0 &#8211;\u00a0\u00a0<\/strong>Jugendliche 5 \u2010 18 Jahren* (ab 18 Uhr)\u00a0 \u00a0 \u00a0 \u00a0 \u00a0<\/p><p><strong>\u00a0 \u00a0frei\u00a0 \u00a0 &#8211;\u00a0\u00a0<\/strong>Kinder vor Vollendung des 5. Lebensjahres<\/p><p><strong>4,- \u20ac\u00a0 &#8211;\u00a0\u00a0<\/strong>Erm\u00e4\u00dfigte Erwachsene** (vor 18 Uhr)<strong>\u00a0 \u00a0 \u00a0\u00a0<\/strong><\/p><p><strong>2,50 \u20ac\u00a0<\/strong>\u00a0&#8211;\u00a0 Erm\u00e4\u00dfigte Erwachsene** (ab 18 Uhr)\u00a0 \u00a0<\/p><p><small>\u00a0 \u00a0 \u00a0 \u00a0 \u00a0 \u00a0 \u00a0 \u00a0 \u00a0 \u00a0 \u00a0 \u00a0 \u00a0*\u00a0 es gilt die Vollendung des 18. Lebensjahres (Lj.)<br \/><\/small><\/p><p><small>\u00a0 \u00a0 \u00a0 \u00a0 \u00a0 \u00a0 \u00a0 \u00a0 \u00a0 \u00a0 \u00a0 ** Sch\u00fcler, Studenten, Auszubildende\u00a0<br \/>\u00a0 \u00a0 \u00a0 \u00a0 \u00a0 \u00a0 \u00a0 \u00a0 \u00a0 \u00a0 \u00a0 \u00a0 \u00a0 \u00a0 und Schwerbehinderte (ab Grad 50%)<\/small><\/p>\t\t\t\t\t\t<\/div>\n\t\t\t\t<\/div>\n\t\t\t\t\t<\/div>\n\t\t<\/div>\n\t\t\t\t<div class=\"elementor-column elementor-col-50 elementor-inner-column elementor-element elementor-element-77b940e\" data-id=\"77b940e\" data-element_type=\"column\">\n\t\t\t<div class=\"elementor-widget-wrap elementor-element-populated\">\n\t\t\t\t\t\t<div class=\"elementor-element elementor-element-f221f1a elementor-widget elementor-widget-heading\" data-id=\"f221f1a\" data-element_type=\"widget\" data-widget_type=\"heading.default\">\n\t\t\t\t<div class=\"elementor-widget-container\">\n\t\t\t<h2 class=\"elementor-heading-title elementor-size-default\"><h2>Saisonkarten<\/h2><\/h2>\t\t<\/div>\n\t\t\t\t<\/div>\n\t\t\t\t<div class=\"elementor-element elementor-element-b01e4aa elementor-widget elementor-widget-text-editor\" data-id=\"b01e4aa\" data-element_type=\"widget\" data-widget_type=\"text-editor.default\">\n\t\t\t\t<div class=\"elementor-widget-container\">\n\t\t\t\t\t\t\t<p>Erwachsener Einzel\u2010Saisonkarte\u00a0 \u00a0 \u00a0 \u00a0 \u00a0 \u00a0 \u00a0 \u00a0 \u00a0 \u00a0 \u00a0 \u00a0\u00a0<strong>150,- \u20ac<\/strong><\/p><p>Ein Erwachsener + eig. Kind\/er bis 18. Lj.*\u00a0 \u00a0 \u00a0\u00a0<strong>160,- \u20ac<\/strong><\/p><p>Familienkarte*** (2 Erw.)\u00a0<br \/>+ eig. Kind\/er bis 18. Lj.*\u00a0 \u00a0 \u00a0 \u00a0 \u00a0 \u00a0 \u00a0 \u00a0 \u00a0 \u00a0 \u00a0 \u00a0 \u00a0 \u00a0 \u00a0 \u00a0 \u00a0 \u00a0 \u00a0 \u00a0 \u00a0 \u00a0<strong>180,- \u20ac<\/strong><\/p><p>Kind Einzel\u2010Saisonkarte (bis 18. Lj.*)\u00a0 \u00a0 \u00a0 \u00a0 \u00a0 \u00a0 \u00a0 \u00a0 \u00a0\u00a0<strong>75,- \u20ac<\/strong><\/p><p>Mehrere Kinder (ein Haushalt, bis\u00a018. Lj.*)\u00a0 \u00a0 \u00a0 \u00a0<strong>120,- \u20ac<\/strong><\/p><p>Erm\u00e4\u00dfigte Erwachsene (Einzel)**\u00a0 \u00a0 \u00a0 \u00a0 \u00a0 \u00a0 \u00a0 \u00a0 \u00a0 \u00a0 \u00a0 \u00a0\u00a0<strong>90,- \u20ac<\/strong><\/p><p><small>*** Als Familien gelten Paare, die in einer Haushaltsgemeinschaft leben, einschlie\u00dflich der in ihrem Haushalt lebenden Kinder bis zum 18. Lebensjahr.\u00a0<br \/><\/small><\/p>\t\t\t\t\t\t<\/div>\n\t\t\t\t<\/div>\n\t\t\t\t\t<\/div>\n\t\t<\/div>\n\t\t\t\t\t<\/div>\n\t\t<\/section>\n\t\t\t\t<div class=\"elementor-element elementor-element-3f8dae0 elementor-widget elementor-widget-heading\" data-id=\"3f8dae0\" data-element_type=\"widget\" data-widget_type=\"heading.default\">\n\t\t\t\t<div class=\"elementor-widget-container\">\n\t\t\t<h2 class=\"elementor-heading-title elementor-size-default\">Bonuskarten<\/h2>\t\t<\/div>\n\t\t\t\t<\/div>\n\t\t\t\t<section class=\"elementor-section elementor-inner-section elementor-element elementor-element-f8f3db1 elementor-section-boxed elementor-section-height-default elementor-section-height-default\" data-id=\"f8f3db1\" data-element_type=\"section\">\n\t\t\t\t\t\t<div class=\"elementor-container elementor-column-gap-default\">\n\t\t\t\t\t<div class=\"elementor-column elementor-col-50 elementor-inner-column elementor-element elementor-element-a6e8c32\" data-id=\"a6e8c32\" data-element_type=\"column\">\n\t\t\t<div class=\"elementor-widget-wrap elementor-element-populated\">\n\t\t\t\t\t\t<div class=\"elementor-element elementor-element-ff6e43d elementor-widget elementor-widget-text-editor\" data-id=\"ff6e43d\" data-element_type=\"widget\" data-widget_type=\"text-editor.default\">\n\t\t\t\t<div class=\"elementor-widget-container\">\n\t\t\t\t\t\t\t<table class=\"table\" border=\"0\"><tbody><tr><td class=\"bg-head\">Zahlung<\/td><td class=\"bg-head\">Bonus %<\/td><td class=\"bg-head\">Gutschrift<\/td><td class=\"bg-head\">Guthaben<\/td><\/tr><tr><td>10,00 \u20ac<\/td><td>10<\/td><td>1,00 \u20ac<\/td><td>11,00 \u20ac<\/td><\/tr><tr><td>26,00 \u20ac<\/td><td>15<\/td><td>4,00 \u20ac<\/td><td>30,00 \u20ac<\/td><\/tr><tr><td>51,00 \u20ac<\/td><td>17<\/td><td>9,00 \u20ac<\/td><td>60,00 \u20ac<\/td><\/tr><tr><td>82,00 \u20ac<\/td><td>21<\/td><td>18,00 \u20ac<\/td><td>100,00 \u20ac<\/td><\/tr><\/tbody><\/table>\t\t\t\t\t\t<\/div>\n\t\t\t\t<\/div>\n\t\t\t\t\t<\/div>\n\t\t<\/div>\n\t\t\t\t<div class=\"elementor-column elementor-col-50 elementor-inner-column elementor-element elementor-element-bfb1689\" data-id=\"bfb1689\" data-element_type=\"column\">\n\t\t\t<div class=\"elementor-widget-wrap elementor-element-populated\">\n\t\t\t\t\t\t<div class=\"elementor-element elementor-element-523c61e elementor-widget elementor-widget-image\" data-id=\"523c61e\" data-element_type=\"widget\" data-widget_type=\"image.default\">\n\t\t\t\t<div class=\"elementor-widget-container\">\n\t\t\t\t\t\t\t\t\t\t\t\t\t<img decoding=\"async\" width=\"295\" height=\"204\" src=\"https:\/\/www.stadtbadbockenem.de\/wp-content\/uploads\/2019\/03\/bonus.jpg\" class=\"attachment-large size-large wp-image-475\" alt=\"\" \/>\t\t\t\t\t\t\t\t\t\t\t\t\t<\/div>\n\t\t\t\t<\/div>\n\t\t\t\t\t<\/div>\n\t\t<\/div>\n\t\t\t\t\t<\/div>\n\t\t<\/section>\n\t\t\t\t<div class=\"elementor-element elementor-element-3e80f08 elementor-widget elementor-widget-text-editor\" data-id=\"3e80f08\" data-element_type=\"widget\" data-widget_type=\"text-editor.default\">\n\t\t\t\t<div class=\"elementor-widget-container\">\n\t\t\t\t\t\t\t<p>W\u00e4hrend die Saisonkarten nur jeweils f\u00fcr die Saison gelten sind <strong>die Bonuskarten nicht saisongebunden \u2013 sie sind mit ihrem Restguthaben auf das n\u00e4chste Jahr \u00fcbertragbar<\/strong>. Bei dieser Kartenart kommen Sie also in den Genuss der Rabatte, ohne Gefahr zu laufen, dass der nicht verbrauchte Wert verloren geht. Die Saisonkarten erm\u00f6glichen es, das Freibad w\u00e4hrend der allgemeinen \u00d6ffnungszeiten beliebig oft zu betreten und zu verlassen. In den Karten werden Passbilder eingeschwei\u00dft.<\/p><p>Mit den Einzelkarten wird nur der einmalige Eintritt erm\u00f6glicht. Suchen Sie sich bitte die f\u00fcr Ihre Bed\u00fcrfnisse g\u00fcnstigste Kartenart aus.<\/p>\t\t\t\t\t\t<\/div>\n\t\t\t\t<\/div>\n\t\t\t\t\t<\/div>\n\t\t<\/div>\n\t\t\t\t\t<\/div>\n\t\t<\/section>\n\t\t\t\t<section class=\"elementor-section elementor-top-section elementor-element elementor-element-7d30706 elementor-section-boxed elementor-section-height-default elementor-section-height-default\" data-id=\"7d30706\" data-element_type=\"section\">\n\t\t\t\t\t\t<div class=\"elementor-container elementor-column-gap-no\">\n\t\t\t\t\t<div class=\"elementor-column elementor-col-100 elementor-top-column elementor-element elementor-element-ded3fca\" data-id=\"ded3fca\" data-element_type=\"column\" data-settings=\"{&quot;background_background&quot;:&quot;classic&quot;}\">\n\t\t\t<div class=\"elementor-widget-wrap elementor-element-populated\">\n\t\t\t\t\t\t<div class=\"elementor-element elementor-element-6cc9199 elementor-widget elementor-widget-heading\" data-id=\"6cc9199\" data-element_type=\"widget\" data-widget_type=\"heading.default\">\n\t\t\t\t<div class=\"elementor-widget-container\">\n\t\t\t<h2 class=\"elementor-heading-title elementor-size-default\">Mitgliedsbeitrag Stadtbadf\u00f6rderverein Bockenem<\/h2>\t\t<\/div>\n\t\t\t\t<\/div>\n\t\t\t\t<section class=\"elementor-section elementor-inner-section elementor-element elementor-element-610dd1b elementor-section-content-middle elementor-section-boxed elementor-section-height-default elementor-section-height-default\" data-id=\"610dd1b\" data-element_type=\"section\">\n\t\t\t\t\t\t<div class=\"elementor-container elementor-column-gap-no\">\n\t\t\t\t\t<div class=\"elementor-column elementor-col-100 elementor-inner-column elementor-element elementor-element-a81fbfa\" data-id=\"a81fbfa\" data-element_type=\"column\">\n\t\t\t<div class=\"elementor-widget-wrap elementor-element-populated\">\n\t\t\t\t\t\t<div class=\"elementor-element elementor-element-129b3c6 elementor-widget elementor-widget-heading\" data-id=\"129b3c6\" data-element_type=\"widget\" data-widget_type=\"heading.default\">\n\t\t\t\t<div class=\"elementor-widget-container\">\n\t\t\t<h3 class=\"elementor-heading-title elementor-size-medium\"><strong>Werden Sie Mitglied im Stadtbadf\u00f6rderverein und unterst\u00fctzen Sie damit das Freibad Bockenem<\/strong><\/h3>\t\t<\/div>\n\t\t\t\t<\/div>\n\t\t\t\t<div class=\"elementor-element elementor-element-67113ab elementor-widget elementor-widget-text-editor\" data-id=\"67113ab\" data-element_type=\"widget\" data-widget_type=\"text-editor.default\">\n\t\t\t\t<div class=\"elementor-widget-container\">\n\t\t\t\t\t\t\t<p>Der Jahresbeitrag kommt komplett dem Erhalt und der Steigerung der Attraktivit\u00e4t unseres Stadtbades zugute:<\/p><p>Einzelbeitrag: \u00a0 \u00a0\u00a0\u00a0 <strong>20 \u20ac*<\/strong><br \/>Familienbeitrag:\u00a0 <strong>30 \u20ac*\u00a0 \u00a0 \u00a0 \u00a0 \u00a0 \u00a0 \u00a0 \u00a0 \u00a0 \u00a0 \u00a0 \u00a0 \u00a0 \u00a0 \u00a0 \u00a0 \u00a0 \u00a0 \u00a0 \u00a0 \u00a0 \u00a0 \u00a0 \u00a0 \u00a0 \u00a0 \u00a0 \u00a0 \u00a0 \u00a0 \u00a0 \u00a0 \u00a0 \u00a0 \u00a0 \u00a0 \u00a0 \u00a0 \u00a0 \u00a0 \u00a0 \u00a0 \u00a0 \u00a0 \u00a0 \u00a0 \u00a0 \u00a0<\/strong><strong><a href=\"https:\/\/www.stadtbadbockenem.de\/wp-content\/uploads\/2022\/05\/2022-SFV-Beitrittserkl\u00e4rung-Formular-1.pdf\" target=\"_blank\" rel=\"noopener\"><strong><span style=\"text-decoration: underline;\">Beitrittserkl\u00e4rung herunterladen<\/span><\/strong><\/a><\/strong><br \/>Firmen \/ Vereine:<strong> 30 \u20ac*<br \/><\/strong><\/p><p>*Hierbei handelt es sich um die Standard(Mindest)Beitr\u00e4ge. Es d\u00fcrfen freiwillig auch h\u00f6here Beitr\u00e4ge geleistet werden.<\/p>\t\t\t\t\t\t<\/div>\n\t\t\t\t<\/div>\n\t\t\t\t<div class=\"elementor-element elementor-element-9d7747d elementor-widget elementor-widget-image\" data-id=\"9d7747d\" data-element_type=\"widget\" data-widget_type=\"image.default\">\n\t\t\t\t<div class=\"elementor-widget-container\">\n\t\t\t\t\t\t\t\t\t\t\t\t\t<img loading=\"lazy\" decoding=\"async\" width=\"1195\" height=\"586\" src=\"https:\/\/www.stadtbadbockenem.de\/wp-content\/uploads\/2019\/02\/sprung.jpg\" class=\"attachment-full size-full wp-image-378\" alt=\"\" srcset=\"https:\/\/www.stadtbadbockenem.de\/wp-content\/uploads\/2019\/02\/sprung.jpg 1195w, https:\/\/www.stadtbadbockenem.de\/wp-content\/uploads\/2019\/02\/sprung-300x147.jpg 300w, https:\/\/www.stadtbadbockenem.de\/wp-content\/uploads\/2019\/02\/sprung-768x377.jpg 768w, https:\/\/www.stadtbadbockenem.de\/wp-content\/uploads\/2019\/02\/sprung-1024x502.jpg 1024w\" sizes=\"(max-width: 1195px) 100vw, 1195px\" \/>\t\t\t\t\t\t\t\t\t\t\t\t\t<\/div>\n\t\t\t\t<\/div>\n\t\t\t\t\t<\/div>\n\t\t<\/div>\n\t\t\t\t\t<\/div>\n\t\t<\/section>\n\t\t\t\t\t<\/div>\n\t\t<\/div>\n\t\t\t\t\t<\/div>\n\t\t<\/section>\n\t\t\t\t<section class=\"elementor-section elementor-top-section elementor-element elementor-element-1243d531 elementor-section-content-middle elementor-section-boxed elementor-section-height-default elementor-section-height-default\" data-id=\"1243d531\" data-element_type=\"section\" data-settings=\"{&quot;background_background&quot;:&quot;classic&quot;}\">\n\t\t\t\t\t\t<div class=\"elementor-container elementor-column-gap-no\">\n\t\t\t\t\t<div class=\"elementor-column elementor-col-50 elementor-top-column elementor-element elementor-element-295acaa6\" data-id=\"295acaa6\" data-element_type=\"column\">\n\t\t\t<div class=\"elementor-widget-wrap elementor-element-populated\">\n\t\t\t\t\t\t<div class=\"elementor-element elementor-element-18d7cee2 elementor-widget elementor-widget-heading\" data-id=\"18d7cee2\" data-element_type=\"widget\" data-widget_type=\"heading.default\">\n\t\t\t\t<div class=\"elementor-widget-container\">\n\t\t\t<h2 class=\"elementor-heading-title elementor-size-xl\">Jetzt Mitglied werden!<\/h2>\t\t<\/div>\n\t\t\t\t<\/div>\n\t\t\t\t<div class=\"elementor-element elementor-element-7b12d23f elementor-widget elementor-widget-text-editor\" data-id=\"7b12d23f\" data-element_type=\"widget\" data-widget_type=\"text-editor.default\">\n\t\t\t\t<div class=\"elementor-widget-container\">\n\t\t\t\t\t\t\t<h2 class=\"elementor-heading-title elementor-size-xl elementor-inline-editing pen\" contenteditable=\"true\" data-elementor-setting-key=\"title\" data-pen-placeholder=\"Eingabe hier...\">Wir brauchen Ihre Unterst\u00fctzung<\/h2><p>Es ist unm\u00f6glich das Stadtbad ohne Ehrenamt am Leben zu halten. Wir brauchen daher Ihre Unterst\u00fctzung sei es finanziell, als Kuchenspender\/in oder mit &#8222;Manpower&#8220;<\/p>\t\t\t\t\t\t<\/div>\n\t\t\t\t<\/div>\n\t\t\t\t<div class=\"elementor-element elementor-element-1cfa543a elementor-align-left elementor-button-success elementor-widget elementor-widget-button\" data-id=\"1cfa543a\" data-element_type=\"widget\" data-widget_type=\"button.default\">\n\t\t\t\t<div class=\"elementor-widget-container\">\n\t\t\t\t\t<div class=\"elementor-button-wrapper\">\n\t\t\t<a class=\"elementor-button elementor-button-link elementor-size-xl\" href=\"\/?page_id=85\">\n\t\t\t\t\t\t<span class=\"elementor-button-content-wrapper\">\n\t\t\t\t\t\t<span class=\"elementor-button-text\">Mitglied werden<\/span>\n\t\t<\/span>\n\t\t\t\t\t<\/a>\n\t\t<\/div>\n\t\t\t\t<\/div>\n\t\t\t\t<\/div>\n\t\t\t\t\t<\/div>\n\t\t<\/div>\n\t\t\t\t<div class=\"elementor-column elementor-col-50 elementor-top-column elementor-element elementor-element-2c78f555\" data-id=\"2c78f555\" data-element_type=\"column\">\n\t\t\t<div class=\"elementor-widget-wrap elementor-element-populated\">\n\t\t\t\t\t\t<div class=\"elementor-element elementor-element-5f4abb23 elementor-widget elementor-widget-image\" data-id=\"5f4abb23\" data-element_type=\"widget\" data-widget_type=\"image.default\">\n\t\t\t\t<div class=\"elementor-widget-container\">\n\t\t\t\t\t\t\t\t\t\t\t\t\t<img loading=\"lazy\" decoding=\"async\" width=\"765\" height=\"683\" src=\"https:\/\/www.stadtbadbockenem.de\/wp-content\/uploads\/2018\/08\/rawpixel-1-1.jpg\" class=\"attachment-large size-large wp-image-68\" alt=\"\" srcset=\"https:\/\/www.stadtbadbockenem.de\/wp-content\/uploads\/2018\/08\/rawpixel-1-1.jpg 765w, https:\/\/www.stadtbadbockenem.de\/wp-content\/uploads\/2018\/08\/rawpixel-1-1-300x268.jpg 300w\" sizes=\"(max-width: 765px) 100vw, 765px\" \/>\t\t\t\t\t\t\t\t\t\t\t\t\t<\/div>\n\t\t\t\t<\/div>\n\t\t\t\t\t<\/div>\n\t\t<\/div>\n\t\t\t\t\t<\/div>\n\t\t<\/section>\n\t\t\t\t<\/div>\n\t\t","protected":false},"excerpt":{"rendered":"<p>\u00d6ffnungszeiten \u00d6ffnungszeiten Montag bis Freitag: \u00a0\u00a0\u00a0\u00a0\u00a0\u00a0\u00a0\u00a0\u00a0\u00a0\u00a0\u00a0\u00a0 06:30 &#8211; 19:00 UhrSonnabend und Sonntag:\u00a0 \u00a010:00 &#8211; 19:00 Uhr Eintrittspreise Stadtbad Bockenem Das beheizte Freibad bietet neben den Einzelkarten und Saisonkarten, ein Bonussystem f\u00fcr Erwachsene und f\u00fcr Jugendliche im Alter von 5 &#8211; 18 Jahren* an. Einzelkarten 5,- \u20ac\u00a0 &#8211;\u00a0\u00a0Erwachsene (vor 18 Uhr)\u00a0\u00a0 \u00a0 \u00a0\u00a0 3,- \u20ac\u00a0 &#8211;\u00a0\u00a0Erwachsene [&hellip;]<\/p>\n","protected":false},"author":1,"featured_media":0,"parent":0,"menu_order":0,"comment_status":"closed","ping_status":"closed","template":"elementor_header_footer","meta":{"footnotes":""},"class_list":["post-446","page","type-page","status-publish","hentry"],"_links":{"self":[{"href":"https:\/\/www.stadtbadbockenem.de\/index.php?rest_route=\/wp\/v2\/pages\/446","targetHints":{"allow":["GET"]}}],"collection":[{"href":"https:\/\/www.stadtbadbockenem.de\/index.php?rest_route=\/wp\/v2\/pages"}],"about":[{"href":"https:\/\/www.stadtbadbockenem.de\/index.php?rest_route=\/wp\/v2\/types\/page"}],"author":[{"embeddable":true,"href":"https:\/\/www.stadtbadbockenem.de\/index.php?rest_route=\/wp\/v2\/users\/1"}],"replies":[{"embeddable":true,"href":"https:\/\/www.stadtbadbockenem.de\/index.php?rest_route=%2Fwp%2Fv2%2Fcomments&post=446"}],"version-history":[{"count":96,"href":"https:\/\/www.stadtbadbockenem.de\/index.php?rest_route=\/wp\/v2\/pages\/446\/revisions"}],"predecessor-version":[{"id":1735,"href":"https:\/\/www.stadtbadbockenem.de\/index.php?rest_route=\/wp\/v2\/pages\/446\/revisions\/1735"}],"wp:attachment":[{"href":"https:\/\/www.stadtbadbockenem.de\/index.php?rest_route=%2Fwp%2Fv2%2Fmedia&parent=446"}],"curies":[{"name":"wp","href":"https:\/\/api.w.org\/{rel}","templated":true}]}}